 -2*j**3 + 6*j**2 - 2*j - 5. Let m be s(2). Determine h(m).
36
Let f = -3 - -6. Let z be (2/(-4))/(8/(-32)). Let m(k) = z + 0 - 2 + 3 - k. What is m(f)?
0
Let m(t) be the first derivative of -t**5/20 - 7*t**4/12 + 7*t**3/6 + t**2 + 14*t + 5. Let z(f) be the first derivative of m(f). What is z(-8)?
10
Let z(i) = -i**3 + 12*i**2 - 11*i - 7. Let u = -254 + 265. What is z(u)?
-7
Let l be -2*(1 + 3/(-6)). Let a be 0 + l/(3/(-24)). Let o(k) = 2*k**2 + 2*k**3 - 3*k**3 - 24*k + 10 + 0*k**2 + 31*k + 5*k**2. Calculate o(a).
2
Let z(a) = 7*a**2 - 1. Let s be (-4)/(-8) - 0 - (-12)/8. Suppose -6*l - s*l + 8 = 0. Calculate z(l).
6
Let m(v) = -v**3 - 10*v**2 - 14. Let s be (-1)/((-20)/(-50) - 9/30). Calculate m(s).
-14
Let a = -7 - -24. Let g(z) = 4*z - 5. Let v(u) = 13*u - 14. Let o(y) = a*g(y) - 6*v(y). Give o(1).
-11
Let t(p) = p - 2 + 1 - 4. Let j = -1 - -1. What is t(j)?
-5
Suppose 63 = -68*n + 89*n. Let b(l) be the second derivative of l**2 - 1/6*l**3 + 0 + n*l. Determine b(-2).
4
Suppose 4*b + 28 = 2*o, -5*o + 5 = 2*b + b. Let y(f) be the second derivative of 0 - 7/6*f**3 + 2*f - 7/2*f**2 - 1/12*f**4. Give y(b).
3
Let l(y) = 9*y**2 - 9*y - 11. Let x(r) = -1 - 2*r - r + 8*r + 7 - 5*r**2. Let u(i) = 6*l(i) + 11*x(i). Give u(-4).
-20
Let z = 14 - 16. Suppose 4*t = 5 + 11. Let v be 0/(z + -3 + t). Let x(q) = -q**2 + 6. Give x(v).
6
Let y(s) be the first derivative of -1/2*s**2 + 3*s - 8. Calculate y(6).
-3
Let f(b) be the first derivative of 9*b + 8 + 0*b**2 + 21 - b**2. Suppose 2*n + 3*m = 27, -39 = -4*n - 3*m - 0. Calculate f(n).
-3
Suppose 0 = -7*m + 4*m + 9. Let t be (-1)/3 - 2/m. Let x(f) = f - 1. Determine x(t).
-2
Let k(a) = a**3 + 4*a**2 - 2*a + 13. Let n be 1 + 26/(-5) + 40/(-50). Let i be k(n). Let l(y) = y + 2. Give l(i).
0
Let y(l) = 6*l + 5. Let z(r) = -7*r - 6. Suppose -18 = -a - 2*a. Let b = -173 - -178. Let j(p) = a*y(p) + b*z(p). Calculate j(-7).
-7
Let v be 0/(-1)*11/(-22). Let u(p) = -p + 15. Give u(v).
15
Let c(h) be the third derivative of -h**6/120 + h**5/12 - h**4/8 - 2*h**3/3 - 85*h**2. Let i(u) = u**2 + 9*u + 11. Let f be i(-8). Give c(f).
5
Let k(s) be the third derivative of -s**6/360 + s**5/10 - 11*s**4/8 - 23*s**2. Let t(z) be the second derivative of k(z). Determine t(8).
-4
Let m(q) = 3*q**2 - 4*q**3 - 10 + 5*q**3 + q - 3 + 9. Suppose -5*c = -2*i + 2, -3 = 3*i + 3*c + 15. Let l(p) = 3*p + 9. Let r be l(i). What is m(r)?
-7
Let u(b) = -b**2 + b - 3. Let x(t) = -t**2 + t + 13. Let z be x(0). Let f = z + -10. Suppose -2*w - f*i = -w - 12, -6 = -4*w + 2*i. Determine u(w).
-9
Let u(k) = k**2 + 16*k + 32. Let w be u(-14). Let q be (-3 - w)*(-3 + (1 - -3)). Let m(o) = o**3 + 8*o**2 + 6*o - 6. Give m(q).
1
Let f be (-1 - -2)*(2 + 4). Let y(m) = 0*m - 26*m + 27*m + 1. Give y(f).
7
Let d = -1 - 5. Let u(b) = 13*b. Let o(l) = 32*l - 1. Let q(s) = 2*o(s) - 5*u(s). Calculate q(d).
4
Let t(m) = 6*m. Let w be 24/(-3) + 18 + -11. Give t(w).
-6
Let i(b) = b**2 - 4*b - 3. Let n(v) = -v**2 + 15*v + 26. Let q be n(19). Let m = 54 + q. Give i(m).
-3
Let z(i) = 6*i**2 - 15*i - 5. Let n(v) = -5*v**2 + 13*v + 5. Let a(r) = 5*n(r) + 4*z(r). Determine a(-3).
-19
Let c(i) = 2*i**2 - 14*i + 11. Let o(b) = b**2 - 7*b + 5. Let u(x) = -6*c(x) + 13*o(x). Suppose 21 = -17*g + 361. Suppose 28*r = g*r + 48. Calculate u(r).
-7
Let t(c) be the second derivative of c**5/20 - c**4/4 - 2*c**3/3 + 2*c**2 - 97*c. Let n(w) = w**2 - 4. Let r be n(4). Let d = r + -8. Give t(d).
4
Let f be 24/21*-1*(-14)/4. Suppose -x + 4 + 8 = f*q, 5*q = -4*x + 4. Let i(c) = -c**2 - 5*c - 2. Give i(x).
2
Let t(x) = 4*x - 1. Let v(o) = o + 2. Let d(a) = a + 2. Let p(u) = -7*d(u) + 6*v(u). Suppose -c = 6 - 2. Let z be p(c). Determine t(z).
7
Let s(m) = -6*m - 30 + 2*m**2 - m**3 + 2*m**2 + m**2 + 33. Give s(4).
-5
Let u(s) = 3*s**2 - 7*s - 7. Let v = -10 - -11. Let h(m) = -m**2 - 1. Let t(o) = v*u(o) + 2*h(o). Determine t(8).
-1
Let j(c) be the third derivative of c**4/3 - c**3/2 - c**2. Let s be 16/4 + -5 + -2. Let k(w) = 15*w - 6. Let n(d) = s*k(d) + 5*j(d). Give n(2).
-7
Let j(y) = 3*y**2 - y + 1. Let d(f) = -7*f**2 - 7*f - 7. Let a(p) = -d(p) - 2*j(p). Give a(-9).
5
Let n(p) = -2*p + 1. Let f(j) = 10*j. Let d(v) = -f(v) - n(v). Give d(-2).
15
Let q(l) = 27*l + 2 - 24*l + 1. Give q(-6).
-15
Let s(t) be the third derivative of -1/2*t**3 + 0*t - 3*t**2 - 7/60*t**5 - 1/3*t**4 + 0 - 1/120*t**6. Give s(-6).
9
Let s(j) = -j + 1. Let f be s(-1). Suppose n + 3*l = -3*n - 7, f*n + 5*l = -21. Let v(u) = -1 + 0*u + 2*u - 2*u**2 + u**2 + 0*u**n. Determine v(3).
-4
Suppose 0 = -32*y - 5*y. Let n(q) = q - 6. Determine n(y).
-6
Let n(u) = u**3 + 10*u**2 - 14*u - 35. Let z be n(-11). Let x(b) = 8*b**2 - 2*b - 1. Calculate x(z).
35
Let k(d) = -d**2 + 5*d - 8. Suppose 0 = 3*z + r - 22 - 0, -2 = -3*z + 4*r. Calculate k(z).
-14
Let p(s) = -5*s**2 - 13*s - 8. Let y(h) = 11*h**2 + 27*h + 17. Let j(n) = -n**3 + 5*n**2 - 5*n - 2. Let w be j(4). Let i(v) = w*y(v) - 13*p(v). What is i(6)?
8
Let u(a) = a + 2. Let w(m) = -3*m - 7. Let o(r) = 7*u(r) + 2*w(r). Calculate o(7).
7
Let d(r) = 5*r + 24. Let p(w) = 2*w + 9. Let u(y) = 4*d(y) - 11*p(y). What is u(5)?
-13
Let a be 784/(-14)*10/4. Let l be -30*(-7)/(a/16). Let z = 26 + l. Let w(u) = -u**2 + u - 1. Calculate w(z).
-3
Let v(u) be the second derivative of -u**6/240 - u**5/120 + u**4/12 + 3*u. Let g(x) be the third derivative of v(x). Let p be 3*33/(-63) - 3/7. What is g(p)?
5
Suppose -7*w + 11*w + 1300 = 0. Let n be w/(-50) - (-6)/4. Let j(m) = -m**2 + 7*m + 8. What is j(n)?
0
Let p = -43 - -55. Let q(u) = -u**2 + 10*u. Let r(m) = m + 1. Let o(h) = -q(h) - 2*r(h). Let v be o(p). Let d(k) = 3*k. What is d(v)?
-6
Let o be 47/9 + (-6)/27. Suppose b - o*b + 8 = 0. Let x(g) = -g + 7658 - 7658. Determine x(b).
-2
Let x = 8 - 13. Let g(f) = 11*f + 12. Let l(a) = 7*a + 8. Let q(p) = x*g(p) + 8*l(p). Let y = 19 + -24. Calculate q(y).
-1
Let j be (-70)/(-22) + (-4)/22. Suppose 2*o - 3*s = -o + 21, 4*s = j*o - 25. Let h(n) = -6*n + n - o - n - 3*n. What is h(-2)?
15
Let b(t) = 6*t + 43. Let v be b(-8). Let a(h) = h + 9. What is a(v)?
4
Let q(c) = -c**3 - 18*c**2 + 4*c + 60. Let u be q(-18). Let i(r) = r**2 + 13*r + 8. What is i(u)?
-4
Let g be (-40)/60 + 8/3. Let k = 6 + -5. Let p(q) = -k - q - q + 4. Determine p(g).
-1
Let f(y) = -5 - 3*y**2 + 15*y + 2*y**3 + 15*y + 6*y - 33*y. Calculate f(2).
5
Let z be 3 + (1 - 3) - -1. Let x(f) = f + 1. Let r(c) = -4*c - 7. Let h(b) = z*x(b) + r(b). Let a = -11 - -6. Calculate h(a).
5
Let n(i) = 1 + i - 3*i - i. Suppose -3*y - 2*y = u - 40, 4*y + 52 = 2*u. Let b be u/5 + -1*3. What is n(b)?
-8
Let f(c) = -c**3 + 2*c**2 - 3*c + 2. Let b(d) = -d - 24. Let z be b(-26). What is f(z)?
-4
Let n(l) be the second derivative of -l**5/20 + l**4/3 + 4*l**3/3 - 3*l**2/2 - 3*l + 41. Give n(5).
12
Let t(g) = -2*g - 3. Suppose -3*y = -y - 14. Suppose -y*v - 20 = -6. Calculate t(v).
1
Suppose -20 = -21*u + 16*u. Let f(j) = -7*j - 4. Let y(m) = 6*m + 3. Let z(o) = 3*f(o) + 4*y(o). Determine z(u).
12
Suppose -5 = -3*r - q, 5 = 3*r - 5*q - 6. Let n(z) = -5*z - 6. Let y(c) = -c + 3*c + c + 7*c + 11. Let m(d) = 7*n(d) + 4*y(d). Calculate m(r).
12
Let t(w) be the first derivative of -2*w**2 + 23*w - 302. What is t(6)?
-1
Let p = -20 - -22. Let c(r) = 9*r + 24*r**2 - 23*r**p - 3*r + 4. Give c(-5).
-1
Let n(h) = -h**2 - 10*h - 3. Let v = 170 - 180. Calculate n(v).
-3
Let b(i) = i**2 - 52 + 69680*i + 8 - 69689*i. What is b(13)?
8
Let h be (-1)/(3*2/6). Let i(c) = 3*c**3 + c**2 - c - 1. Determine i(h).
-2
Let b = -10 - -11. Let x(w) = b - 99*w + 1 + 98*w. Calculate x(-2).
4
Let t(v) = 5*v + 6*v + 1 + 3*v - 9*v. Calculate t(2).
11
Let w be 27/(-9) + -4 - -5. Let u(t) = t**3 - t**2 - 2*t. Determine u(w).
-8
Suppose -13*d + 18 = -7*d. Suppose 2*i - 1 = 5. Let q(n) = -1 + 1 - n**2 + 3*n + d + i. Calculate q(5).
-4
Let p(w) be the first derivative of -w**3 + 19*w**2/2 - w - 152. What is p(6)?
5
Let d be 2/(1 - (-4)/(-8)). Let p(n) = n**3 - 4*n**2. Determine p(d).
0
Suppose 3*x - 4*x = -47. Let o = x + -48. Let s(k) be the second derivative of 5*k**4/12 - k**3/6 + k. Calculate s(o).
6
Let g be (25 + -25)*(-1 - -2). Let z be (-1)/2 - 5/(-2). Suppose g = -z*k - 1 - 5. Let l(a) = -a**3 - 2*a**2 - 4. Determine l(k).
5
Let q(u) = -u**3 - 4*u**2 + 8*u + 5. Let d = -